0
What is the tens digit of 3323?
2
What is the tens digit of 588?
8
What is the units digit of 41326?
6
What is the units digit of 443?
3
What is the thousands digit of 1940?
1
What is the thousands digit of 5316?
5
What is the tens digit of 489?
8
What is the thousands digit of 60057?
0
What is the hundreds digit of 47560?
5
What is the tens digit of 52702?
0
What is the hundreds digit of 392?
3
What is the hundreds digit of 5543?
5
What is the thousands digit of 5095?
5
What is the thousands digit of 9988?
9
What is the tens digit of 1303?
0
What is the ten thousands digit of 31970?
3
What is the thousands digit of 18791?
8
What is the hundreds digit of 471?
4
What is the hundreds digit of 1548?
5
What is the hundreds digit of 290?
2
What is the units digit of 69320?
0
What is the hundreds digit of 5087?
0
What is the hundreds digit of 30198?
1
What is the ten thousands digit of 60048?
6
What is the units digit of 1019?
9
What is the hundreds digit of 2886?
8
What is the tens digit of 6258?
5
What is the hundreds digit of 45968?
9
What is the units digit of 201?
1
What is the tens digit of 1113?
1
What is the units digit of 590?
0
What is the hundreds digit of 492?
4
What is the tens digit of 364?
6
What is the units digit of 2219?
9
What is the hundreds digit of 47276?
2
What is the hundreds digit of 4414?
4
What is the units digit of 14989?
9
What is the ten thousands digit of 39041?
3
What is the units digit of 268?
8
What is the tens digit of 2952?
5
What is the units digit of 934?
4
What is the units digit of 3799?
9
What is the thousands digit of 112206?
2
What is the hundreds digit of 654?
6
What is the units digit of 209?
9
What is the hundreds digit of 646?
6
What is the tens digit of 25559?
5
What is the tens digit of 1136?
3
What is the thousands digit of 10585?
0
What is the tens digit of 1797?
9
What is the tens digit of 51824?
2
What is the thousands digit of 4258?
4
What is the tens digit of 32667?
6
What is the thousands digit of 5834?
5
What is the units digit of 22375?
5
What is the units digit of 3943?
3
What is the thousands digit of 23400?
3
What is the thousands digit of 55485?
5
What is the hundreds digit of 1652?
6
What is the hundreds digit of 1437?
4
What is the hundreds digit of 14249?
2
What is the hundreds digit of 225?
2
What is the thousands digit of 8942?
8
What is the tens digit of 83151?
5
What is the tens digit of 6835?
3
What is the thousands digit of 5912?
5
What is the ten thousands digit of 15588?
1
What is the thousands digit of 5635?
5
What is the hundreds digit of 106138?
1
What is the hundreds digit of 1005?
0
What is the units digit of 5?
5
What is the units digit of 1408?
8
What is the tens digit of 1996?
9
What is the ten thousands digit of 10668?
1
What is the units digit of 3472?
2
What is the hundreds digit of 46628?
6
What is the tens digit of 39525?
2
What is the units digit of 23337?
7
What is the ten thousands digit of 117226?
1
What is the thousands digit of 36404?
6
What is the units digit of 934?
4
What is the hundreds digit of 408?
4
What is the hundreds digit of 553?
5
What is the tens digit of 12595?
9
What is the tens digit of 3582?
8
What is the units digit of 1541?
1
What is the units digit of 2691?
1
What is the units digit of 14346?
6
What is the units digit of 1209?
9
What is the units digit of 49546?
6
What is the tens digit of 12219?
1
What is the ten thousands digit of 28742?
2
What is the ten thousands digit of 96804?
9
What is the units digit of 1653?
3
What is the tens digit of 6134?
3
What is the tens digit of 3236?
3
What is the tens digit of 5141?
4
What is the tens digit of 7252?
5
What is the tens digit of 74209?
0
What is the units digit of 1081?
1
What is the hundreds digit of 5409?
4
What is the hundreds digit of 1140?
1
What is the units digit of 1746?
6
What is the units digit of 3781?
1
What is the hundreds digit of 326?
3
What is the hundreds digit of 11429?
4
What is the hundreds digit of 16001?
0
What is the hundreds digit of 2288?
2
What is the hundreds digit of 28813?
8
What is the units digit of 2546?
6
What is the tens digit of 561?
6
What is the tens digit of 17453?
5
What is the hundreds digit of 10009?
0
What is the units digit of 299?
9
What is the tens digit of 2574?
7
What is the ten thousands digit of 11850?
1
What is the units digit of 18922?
2
What is the thousands digit of 51508?
1
What is the thousands digit of 8718?
8
What is the ten thousands digit of 10257?
1
What is the units digit of 82950?
0
What is the thousands digit of 4786?
4
What is the tens digit of 8376?
7
What is the ten thousands digit of 12633?
1
What is the thousands digit of 24281?
4
What is the hundreds digit of 1096?
0
What is the hundreds digit of 18947?
9
What is the hundreds digit of 5235?
2
What is the units digit of 6184?
4
What is the tens digit of 2188?
8
What is the units digit of 90?
0
What is the tens digit of 10831?
3
What is the hundreds digit of 71941?
9
What is the units digit of 2794?
4
What is the units digit of 2003?
3
What is the tens digit of 844?
4
What is the tens digit of 793?
9
What is the tens digit of 58429?
2
What is the hundreds digit of 466?
4
What is the units digit of 15941?
1
What is the tens digit of 928?
2
What is the units digit of 59278?
8
What is the hundreds digit of 13147?
1
What is the tens digit of 3481?
8
What is the thousands digit of 91125?
1
What is the tens digit of 22637?
3
What is the hundreds digit of 13284?
2
What is the thousands digit of 3062?
3
What is the tens digit of 595?
9
What is the tens digit of 2968?
6
What is the thousands digit of 1888?
1
What is the ten thousands digit of 12234?
1
What is the hundreds digit of 6910?
9
What is the thousands digit of 3465?
3
What is the units digit of 531?
1
What is the thousands digit of 2363?
2
What is the tens digit of 3517?
1
What is the tens digit of 52?
5
What is the hundreds digit of 6610?
6
What is the ten thousands digit of 23553?
2
What is the tens digit of 2057?
5
What is the tens digit of 964?
6
What is the tens digit of 1734?
3
What is the units digit of 66724?
4
What is the units digit of 2330?
0
What is the ten thousands digit of 34138?
3
What is the thousands digit of 107852?
7
What is the tens digit of 3403?
0
What is the units digit of 102?
2
What is the ten thousands digit of 23075?
2
What is the tens digit of 9698?
9
What is the hundreds digit of 13664?
6
What is the hundreds digit of 3696?
6
What is the hundreds digit of 1147?
1
What is the tens digit of 42092?
9
What is the thousands digit of 2168?
2
What is the tens digit of 423?
2
What is the tens digit of 39929?
2
What is the hundreds digit of 1369?
3
What is the thousands digit of 3954?
3
What is the units digit of 32047?
7
What is the tens digit of 2708?
0
What is the units digit of 3998?
8
What is the tens digit of 13677?
7
What is the units digit of 13384?
4
What is the hundred thousands digit of 176222?
1
What is the tens digit of 1150?
5
What is the hundreds digit of 10257?
2
What is the hundreds digit of 583?
5
What is the units digit of 7227?
7
What is the hundreds digit of 11447?
4
What is the hundreds digit of 1303?
3
What is the hundreds digit of 1938?
9
What is the tens digit of 39186?
8
What is the hundreds digit of 1780?
7
What is the units digit of 34230?
0
What is the tens digit of 3877?
7
What is the units digit of 73061?
1
What is the hundreds digit of 3313?
3
What is the thousands digit of 9545?
9
What is the thousands digit of 2288?
2
What is the tens digit of 681?
8
What is the tens digit of 2819?
1
What is the tens digit of 18043?
4
What is the units digit of 1627?
7
What is the hundreds digit of 704?
7
What is the units digit of 8543?
3
What is the tens digit of 4276?
7
What is the hundreds digit of 157?
1
What is the hundreds digit of 1087?
0
What is the tens digit of 3213?
1
What is the hundreds digit of 1251?
2
What is the ten thousands digit of 85660?
8
What is the tens digit of 33510?
1
What is the units digit of 1745?
5
What is the thousands digit of 8336?
8
What is the tens digit of 28470?
7
What is the units digit of 45043?
3
What is the hundreds digit of 760?
7
What is the thousands digit of 18466?
8
What is the hundreds digit of 1891?
8
What is the tens digit of 2046?